{"id":1861,"date":"2022-01-27T07:55:12","date_gmt":"2022-01-27T07:55:12","guid":{"rendered":"https:\/\/themeim.com\/wp\/panthar\/about-us-copy\/"},"modified":"2024-03-13T17:25:22","modified_gmt":"2024-03-13T17:25:22","slug":"uslugi","status":"publish","type":"page","link":"https:\/\/kobietadetektyw24.com\/?page_id=1861","title":{"rendered":"Us\u0142ugi"},"content":{"rendered":"\t\t<div data-elementor-type=\"wp-page\" data-elementor-id=\"1861\" class=\"elementor elementor-1861\" data-elementor-post-type=\"page\">\n\t\t\t\t\t\t<section class=\"elementor-section elementor-top-section elementor-element elementor-element-63eac4f elementor-section-boxed elementor-section-height-default elementor-section-height-default\" data-id=\"63eac4f\" data-element_type=\"section\">\n\t\t\t\t\t\t<div class=\"elementor-container elementor-column-gap-default\">\n\t\t\t\t\t<div class=\"elementor-column elementor-col-100 elementor-top-column elementor-element elementor-element-59dee57\" data-id=\"59dee57\" data-element_type=\"column\">\n\t\t\t<div class=\"elementor-widget-wrap elementor-element-populated\">\n\t\t\t\t\t\t<div class=\"elementor-element elementor-element-90544e4 elementor-widget elementor-widget-panthar-service-widget\" data-id=\"90544e4\" data-element_type=\"widget\" data-widget_type=\"panthar-service-widget.default\">\n\t\t\t\t<div class=\"elementor-widget-container\">\n\t\t\t            <div class=\"row\">\n                                <div class=\"col-lg-12\">\n                    <div class=\"blog-pagination text- margin-top-20\">\n                                            <\/div>\n                <\/div>\n            <\/div>\n        \t\t<\/div>\n\t\t\t\t<\/div>\n\t\t\t\t\t<\/div>\n\t\t<\/div>\n\t\t\t\t\t<\/div>\n\t\t<\/section>\n\t\t\t\t<section class=\"elementor-section elementor-top-section elementor-element elementor-element-ce0c270 elementor-section-boxed elementor-section-height-default elementor-section-height-default\" data-id=\"ce0c270\" data-element_type=\"section\">\n\t\t\t\t\t\t<div class=\"elementor-container elementor-column-gap-default\">\n\t\t\t\t\t<div class=\"elementor-column elementor-col-50 elementor-top-column elementor-element elementor-element-2e6ec2a\" data-id=\"2e6ec2a\" data-element_type=\"column\">\n\t\t\t<div class=\"elementor-widget-wrap elementor-element-populated\">\n\t\t\t\t\t\t<div class=\"elementor-element elementor-element-5d0ff9e elementor-widget elementor-widget-panthar-animate-image-widget\" data-id=\"5d0ff9e\" data-element_type=\"widget\" data-widget_type=\"panthar-animate-image-widget.default\">\n\t\t\t\t<div class=\"elementor-widget-container\">\n\t\t\t\r\n        <div class=\"animate-image-inner animate-image-inner-overlay yes\">\r\n            <div class=\"thumb\">\r\n                <span class=\"animate-1\"><\/span>\r\n                <span class=\"animate-2\"><\/span>\r\n                <span class=\"animate-3\"><\/span>\r\n                <span class=\"animate-4\"><\/span>\r\n                <img decoding=\"async\" src=\"https:\/\/themeim.com\/wp\/panthar\/wp-content\/uploads\/2022\/01\/security-woman-stopping-photographers.png\" alt=\"thumb\">\r\n            <\/div>\r\n        <\/div>\r\n\r\n        \t\t<\/div>\n\t\t\t\t<\/div>\n\t\t\t\t<div class=\"elementor-element elementor-element-b66089f elementor-widget__width-auto elementor-absolute elementor-widget elementor-widget-image\" data-id=\"b66089f\" data-element_type=\"widget\" data-settings=\"{&quot;_position&quot;:&quot;absolute&quot;}\" data-widget_type=\"image.default\">\n\t\t\t\t<div class=\"elementor-widget-container\">\n\t\t\t<style>\/*! elementor - v3.19.0 - 07-02-2024 *\/\n.elementor-widget-image{text-align:center}.elementor-widget-image a{display:inline-block}.elementor-widget-image a img[src$=\".svg\"]{width:48px}.elementor-widget-image img{vertical-align:middle;display:inline-block}<\/style>\t\t\t\t\t\t\t\t\t\t<img decoding=\"async\" width=\"30\" height=\"260\" src=\"https:\/\/kobietadetektyw24.com\/wp-content\/uploads\/2022\/01\/Group-7140-1.png\" class=\"attachment-large size-large wp-image-1757\" alt=\"\" \/>\t\t\t\t\t\t\t\t\t\t\t\t\t<\/div>\n\t\t\t\t<\/div>\n\t\t\t\t<div class=\"elementor-element elementor-element-2016c01 elementor-widget elementor-widget-panthar-section-title-widget\" data-id=\"2016c01\" data-element_type=\"widget\" data-widget_type=\"panthar-section-title-widget.default\">\n\t\t\t\t<div class=\"elementor-widget-container\">\n\t\t\t\r\n        <div class=\"theme-heading-title\" style=\"text-align:center\">\r\n                                                                                                        <div class=\"btn-wrap mt-2 pt-1\">\r\n                            <a href=\"tel:+48 530 864 935\" class=\"btn-panthar btn-border-base \"> \r\n                                <span class=\"top_left\"><\/span>\r\n                                <span class=\"top_right\"><\/span>\r\n                                <span>\r\n                                    Zadzwo\u0144                                <\/span>\r\n                                <span class=\"bottom_left\"><\/span>\r\n                                <span class=\"bottom_right\"><\/span>\r\n                            <\/a>\r\n                        <\/div>\r\n                                            <\/div>\r\n        \t\t<\/div>\n\t\t\t\t<\/div>\n\t\t\t\t\t<\/div>\n\t\t<\/div>\n\t\t\t\t<div class=\"elementor-column elementor-col-50 elementor-top-column elementor-element elementor-element-fe35f95\" data-id=\"fe35f95\" data-element_type=\"column\">\n\t\t\t<div class=\"elementor-widget-wrap elementor-element-populated\">\n\t\t\t\t\t\t<div class=\"elementor-element elementor-element-51eddb6 elementor-widget elementor-widget-panthar-section-title-widget\" data-id=\"51eddb6\" data-element_type=\"widget\" data-widget_type=\"panthar-section-title-widget.default\">\n\t\t\t\t<div class=\"elementor-widget-container\">\n\t\t\t\r\n        <div class=\"theme-heading-title\" style=\"text-align:left\">\r\n                            <div class=\"subtitle shape\">\r\n                    <div class=\"icon-left wow fadeInRight animated yes\">\r\n                        <i aria-hidden=\"true\" class=\"icomoon bullet-left\"><\/i>                    <\/div>\r\n                    Klienci indywidualni                    <div class=\"icon-right wow fadeInLeft animated\">\r\n                        <i aria-hidden=\"true\" class=\"icomoon icomoon-bullet\"><\/i>                    <\/div>\r\n                <\/div>\r\n                                        <h3 class=\"title\">\r\n                    US\u0141UGI DLA KLIENT\u00d3W INDYWIDUALNYCH                <\/h3>\r\n                                    <p>Nasze biuro detektywistyczne oferuje pe\u0142en zakres us\u0142ug detektywistycznych dla Klient\u00f3w indywidualnych oraz firm. Obs\u0142ugujemy wojew\u00f3dztwo \u015bl\u0105skie oraz wojew\u00f3dztwa s\u0105siednie. Nasi Klienci indywidualni zwracaj\u0105 si\u0119 do nas z r\u00f3\u017cnymi problemami. Najcz\u0119\u015bciej pomagamy im: <\/p>                    <\/div>\r\n        \t\t<\/div>\n\t\t\t\t<\/div>\n\t\t\t\t<section class=\"elementor-section elementor-inner-section elementor-element elementor-element-4f05806 elementor-section-boxed elementor-section-height-default elementor-section-height-default\" data-id=\"4f05806\" data-element_type=\"section\">\n\t\t\t\t\t\t<div class=\"elementor-container elementor-column-gap-default\">\n\t\t\t\t\t<div class=\"elementor-column elementor-col-100 elementor-inner-column elementor-element elementor-element-02d962b\" data-id=\"02d962b\" data-element_type=\"column\">\n\t\t\t<div class=\"elementor-widget-wrap elementor-element-populated\">\n\t\t\t\t\t\t<div class=\"elementor-element elementor-element-539113b elementor-widget elementor-widget-panthar-list-item-widget\" data-id=\"539113b\" data-element_type=\"widget\" data-widget_type=\"panthar-list-item-widget.default\">\n\t\t\t\t<div class=\"elementor-widget-container\">\n\t\t\t        <div class=\"content-wrapper\">\r\n            <div class=\"list-item-wrap\">\r\n                <ul>\r\n                    \r\n                        <!-- list left icon style -->\r\n                        \r\n                        <li>\r\n                            <span class=\"style-dot \"><\/span> <span class=\"style-bar d-none\"><\/span>                            <div class=\"content d-inline-block\">uzyska\u0107 dowody zdrady partnera <\/div>\r\n                            <span class=\"detail-content\"> <\/span>\r\n                        <\/li>\r\n                        \r\n                    \r\n                        <!-- list left icon style -->\r\n                        \r\n                        <li>\r\n                            <span class=\"style-dot \"><\/span> <span class=\"style-bar d-none\"><\/span>                            <div class=\"content d-inline-block\">sprawdzi\u0107 styl \u017cycia i kontakty dziecka (tzw. kontrola rodzicielska) <\/div>\r\n                            <span class=\"detail-content\"> <\/span>\r\n                        <\/li>\r\n                        \r\n                    \r\n                        <!-- list left icon style -->\r\n                        \r\n                        <li>\r\n                            <span class=\"style-dot \"><\/span> <span class=\"style-bar d-none\"><\/span>                            <div class=\"content d-inline-block\">zweryfikowa\u0107 przesz\u0142o\u015b\u0107 osoby <\/div>\r\n                            <span class=\"detail-content\"> <\/span>\r\n                        <\/li>\r\n                        \r\n                    \r\n                        <!-- list left icon style -->\r\n                        \r\n                        <li>\r\n                            <span class=\"style-dot \"><\/span> <span class=\"style-bar d-none\"><\/span>                            <div class=\"content d-inline-block\">ustalanie miejsca zamieszkania lub telefon wskazanej osoby <\/div>\r\n                            <span class=\"detail-content\"> <\/span>\r\n                        <\/li>\r\n                        \r\n                    \r\n                        <!-- list left icon style -->\r\n                        \r\n                        <li>\r\n                            <span class=\"style-dot \"><\/span> <span class=\"style-bar d-none\"><\/span>                            <div class=\"content d-inline-block\">pozyska\u0107 informacje na temat maj\u0105tku i \u017ar\u00f3de\u0142 utrzymania <\/div>\r\n                            <span class=\"detail-content\"> <\/span>\r\n                        <\/li>\r\n                        \r\n                    \r\n                        <!-- list left icon style -->\r\n                        \r\n                        <li>\r\n                            <span class=\"style-dot \"><\/span> <span class=\"style-bar d-none\"><\/span>                            <div class=\"content d-inline-block\">zebranie dowod\u00f3w do s\u0105du, sprawy karnej lub cywilnej; <\/div>\r\n                            <span class=\"detail-content\"> <\/span>\r\n                        <\/li>\r\n                        \r\n                    \r\n                        <!-- list left icon style -->\r\n                        \r\n                        <li>\r\n                            <span class=\"style-dot \"><\/span> <span class=\"style-bar d-none\"><\/span>                            <div class=\"content d-inline-block\">ustali\u0107 sprawc\u0119 przest\u0119pstwa, prywatne \u015bledztwo <\/div>\r\n                            <span class=\"detail-content\"> <\/span>\r\n                        <\/li>\r\n                        \r\n                    \r\n                        <!-- list left icon style -->\r\n                        \r\n                        <li>\r\n                            <span class=\"style-dot \"><\/span> <span class=\"style-bar d-none\"><\/span>                            <div class=\"content d-inline-block\">odszuka\u0107 osob\u0119 zaginion\u0105 lub ukrywaj\u0105c\u0105 si\u0119, poszukiwanie os\u00f3b <\/div>\r\n                            <span class=\"detail-content\"> <\/span>\r\n                        <\/li>\r\n                        \r\n                    \r\n                        <!-- list left icon style -->\r\n                        \r\n                        <li>\r\n                            <span class=\"style-dot \"><\/span> <span class=\"style-bar d-none\"><\/span>                            <div class=\"content d-inline-block\">odnale\u017a\u0107 i odzyska\u0107 utracony maj\u0105tek <\/div>\r\n                            <span class=\"detail-content\"> <\/span>\r\n                        <\/li>\r\n                        \r\n                    \r\n                        <!-- list left icon style -->\r\n                        \r\n                        <li>\r\n                            <span class=\"style-dot \"><\/span> <span class=\"style-bar d-none\"><\/span>                            <div class=\"content d-inline-block\">pobra\u0107 i przebada\u0107 materia\u0142 DNA <\/div>\r\n                            <span class=\"detail-content\"> <\/span>\r\n                        <\/li>\r\n                        \r\n                                    <\/ul>\r\n            <\/div>\r\n        <\/div>\r\n        \t\t<\/div>\n\t\t\t\t<\/div>\n\t\t\t\t<div class=\"elementor-element elementor-element-9beeb71 elementor-widget elementor-widget-text-editor\" data-id=\"9beeb71\" data-element_type=\"widget\" data-widget_type=\"text-editor.default\">\n\t\t\t\t<div class=\"elementor-widget-container\">\n\t\t\t<style>\/*! elementor - v3.19.0 - 07-02-2024 *\/\n.elementor-widget-text-editor.elementor-drop-cap-view-stacked .elementor-drop-cap{background-color:#69727d;color:#fff}.elementor-widget-text-editor.elementor-drop-cap-view-framed .elementor-drop-cap{color:#69727d;border:3px solid;background-color:transparent}.elementor-widget-text-editor:not(.elementor-drop-cap-view-default) .elementor-drop-cap{margin-top:8px}.elementor-widget-text-editor:not(.elementor-drop-cap-view-default) .elementor-drop-cap-letter{width:1em;height:1em}.elementor-widget-text-editor .elementor-drop-cap{float:left;text-align:center;line-height:1;font-size:50px}.elementor-widget-text-editor .elementor-drop-cap-letter{display:inline-block}<\/style>\t\t\t\t<p>To jednak nie jest pe\u0142na lista tego, z czym mo\u017cemy pom\u00f3c. Skontaktuj si\u0119 z nami i poznaj wszystkie nasze us\u0142ugi detektywistyczne dla os\u00f3b fizycznych.<\/p>\t\t\t\t\t\t<\/div>\n\t\t\t\t<\/div>\n\t\t\t\t\t<\/div>\n\t\t<\/div>\n\t\t\t\t\t<\/div>\n\t\t<\/section>\n\t\t\t\t\t<\/div>\n\t\t<\/div>\n\t\t\t\t\t<\/div>\n\t\t<\/section>\n\t\t\t\t<section class=\"elementor-section elementor-top-section elementor-element elementor-element-0d0ac0e elementor-reverse-tablet elementor-reverse-mobile elementor-section-boxed elementor-section-height-default elementor-section-height-default\" data-id=\"0d0ac0e\" data-element_type=\"section\" data-settings=\"{&quot;background_background&quot;:&quot;classic&quot;}\">\n\t\t\t\t\t\t<div class=\"elementor-container elementor-column-gap-default\">\n\t\t\t\t\t<div class=\"elementor-column elementor-col-50 elementor-top-column elementor-element elementor-element-e1f3faa\" data-id=\"e1f3faa\" data-element_type=\"column\">\n\t\t\t<div class=\"elementor-widget-wrap elementor-element-populated\">\n\t\t\t\t\t\t<div class=\"elementor-element elementor-element-7dc3172 elementor-widget elementor-widget-panthar-section-title-widget\" data-id=\"7dc3172\" data-element_type=\"widget\" data-widget_type=\"panthar-section-title-widget.default\">\n\t\t\t\t<div class=\"elementor-widget-container\">\n\t\t\t\r\n        <div class=\"theme-heading-title\" style=\"text-align:left\">\r\n                            <div class=\"subtitle shape\">\r\n                    <div class=\"icon-left wow fadeInRight animated yes\">\r\n                        <i aria-hidden=\"true\" class=\"icomoon bullet-left\"><\/i>                    <\/div>\r\n                    Firmy                    <div class=\"icon-right wow fadeInLeft animated\">\r\n                        <i aria-hidden=\"true\" class=\"icomoon icomoon-bullet\"><\/i>                    <\/div>\r\n                <\/div>\r\n                                        <h3 class=\"title\">\r\n                    US\u0141UGI DLA FIRM                <\/h3>\r\n                                    <p>Doskonale rozumiemy potrzeby Klienta biznesowego i wiemy, \u017ce najcz\u0119\u015bciej przydaje im si\u0119 pomoc w nast\u0119puj\u0105cych obszarach:<\/p>                    <\/div>\r\n        \t\t<\/div>\n\t\t\t\t<\/div>\n\t\t\t\t<div class=\"elementor-element elementor-element-0a10a3e elementor-widget elementor-widget-panthar-list-item-widget\" data-id=\"0a10a3e\" data-element_type=\"widget\" data-widget_type=\"panthar-list-item-widget.default\">\n\t\t\t\t<div class=\"elementor-widget-container\">\n\t\t\t        <div class=\"content-wrapper\">\r\n            <div class=\"list-item-wrap\">\r\n                <ul>\r\n                    \r\n                        <!-- list left icon style -->\r\n                        \r\n                        <li>\r\n                            <span class=\"style-dot \"><\/span> <span class=\"style-bar \"><\/span>                            <div class=\"content d-inline-block\">weryfikacja wiarygodno\u015bci kontrahent\u00f3w <\/div>\r\n                            <span class=\"detail-content\"> <\/span>\r\n                        <\/li>\r\n                        \r\n                    \r\n                        <!-- list left icon style -->\r\n                        \r\n                        <li>\r\n                            <span class=\"style-dot \"><\/span> <span class=\"style-bar \"><\/span>                            <div class=\"content d-inline-block\">ustalanie maj\u0105tku d\u0142u\u017cnik\u00f3w <\/div>\r\n                            <span class=\"detail-content\"> <\/span>\r\n                        <\/li>\r\n                        \r\n                    \r\n                        <!-- list left icon style -->\r\n                        \r\n                        <li>\r\n                            <span class=\"style-dot \"><\/span> <span class=\"style-bar \"><\/span>                            <div class=\"content d-inline-block\">dokumentowanie przejaw\u00f3w nieuczciwej konkurencji <\/div>\r\n                            <span class=\"detail-content\"> <\/span>\r\n                        <\/li>\r\n                        \r\n                    \r\n                        <!-- list left icon style -->\r\n                        \r\n                        <li>\r\n                            <span class=\"style-dot \"><\/span> <span class=\"style-bar \"><\/span>                            <div class=\"content d-inline-block\">wywiad gospodarczy <\/div>\r\n                            <span class=\"detail-content\"> <\/span>\r\n                        <\/li>\r\n                        \r\n                    \r\n                        <!-- list left icon style -->\r\n                        \r\n                        <li>\r\n                            <span class=\"style-dot \"><\/span> <span class=\"style-bar \"><\/span>                            <div class=\"content d-inline-block\">kontrwywiad gospodarczy <\/div>\r\n                            <span class=\"detail-content\"> <\/span>\r\n                        <\/li>\r\n                        \r\n                    \r\n                        <!-- list left icon style -->\r\n                        \r\n                        <li>\r\n                            <span class=\"style-dot \"><\/span> <span class=\"style-bar \"><\/span>                            <div class=\"content d-inline-block\">wykrywanie pods\u0142uch\u00f3w <\/div>\r\n                            <span class=\"detail-content\"> <\/span>\r\n                        <\/li>\r\n                        \r\n                    \r\n                        <!-- list left icon style -->\r\n                        \r\n                        <li>\r\n                            <span class=\"style-dot \"><\/span> <span class=\"style-bar \"><\/span>                            <div class=\"content d-inline-block\">informatyka \u015bledcza <\/div>\r\n                            <span class=\"detail-content\"> <\/span>\r\n                        <\/li>\r\n                        \r\n                    \r\n                        <!-- list left icon style -->\r\n                        \r\n                        <li>\r\n                            <span class=\"style-dot \"><\/span> <span class=\"style-bar \"><\/span>                            <div class=\"content d-inline-block\">poszukiwanie i odzyskiwanie mienia <\/div>\r\n                            <span class=\"detail-content\"> <\/span>\r\n                        <\/li>\r\n                        \r\n                    \r\n                        <!-- list left icon style -->\r\n                        \r\n                        <li>\r\n                            <span class=\"style-dot \"><\/span> <span class=\"style-bar \"><\/span>                            <div class=\"content d-inline-block\">kradzie\u017c firmowego mienia <\/div>\r\n                            <span class=\"detail-content\"> <\/span>\r\n                        <\/li>\r\n                        \r\n                    \r\n                        <!-- list left icon style -->\r\n                        \r\n                        <li>\r\n                            <span class=\"style-dot \"><\/span> <span class=\"style-bar \"><\/span>                            <div class=\"content d-inline-block\">sprawdzanie wiarygodno\u015bci pracownik\u00f3w i kandydat\u00f3w do pracy <\/div>\r\n                            <span class=\"detail-content\"> <\/span>\r\n                        <\/li>\r\n                        \r\n                    \r\n                        <!-- list left icon style -->\r\n                        \r\n                        <li>\r\n                            <span class=\"style-dot \"><\/span> <span class=\"style-bar \"><\/span>                            <div class=\"content d-inline-block\">windykacja, odzyskiwanie d\u0142ug\u00f3w <\/div>\r\n                            <span class=\"detail-content\"> <\/span>\r\n                        <\/li>\r\n                        \r\n                                    <\/ul>\r\n            <\/div>\r\n        <\/div>\r\n        \t\t<\/div>\n\t\t\t\t<\/div>\n\t\t\t\t<div class=\"elementor-element elementor-element-e02f09f elementor-widget elementor-widget-text-editor\" data-id=\"e02f09f\" data-element_type=\"widget\" data-widget_type=\"text-editor.default\">\n\t\t\t\t<div class=\"elementor-widget-container\">\n\t\t\t\t\t\t\t<p>To tylko wybrane zlecenia, kt\u00f3re realizujemy na zlecenie firm. Skontaktuj si\u0119 z nami i poznaj wszystkie nasze us\u0142ugi detektywistyczne dla biznesu.<\/p>\t\t\t\t\t\t<\/div>\n\t\t\t\t<\/div>\n\t\t\t\t\t<\/div>\n\t\t<\/div>\n\t\t\t\t<div class=\"elementor-column elementor-col-50 elementor-top-column elementor-element elementor-element-b539805\" data-id=\"b539805\" data-element_type=\"column\">\n\t\t\t<div class=\"elementor-widget-wrap elementor-element-populated\">\n\t\t\t\t\t\t<div class=\"elementor-element elementor-element-2d7f73c elementor-widget elementor-widget-panthar-animate-image-widget\" data-id=\"2d7f73c\" data-element_type=\"widget\" data-widget_type=\"panthar-animate-image-widget.default\">\n\t\t\t\t<div class=\"elementor-widget-container\">\n\t\t\t\r\n        <div class=\"animate-image-inner animate-image-inner-overlay \">\r\n            <div class=\"thumb\">\r\n                <span class=\"animate-1\"><\/span>\r\n                <span class=\"animate-2\"><\/span>\r\n                <span class=\"animate-3\"><\/span>\r\n                <span class=\"animate-4\"><\/span>\r\n                <img decoding=\"async\" src=\"https:\/\/themeim.com\/wp\/panthar\/wp-content\/uploads\/2022\/01\/ann-fossa-5TFq8gMJWgg-unsplash.png\" alt=\"thumb\">\r\n            <\/div>\r\n        <\/div>\r\n\r\n        \t\t<\/div>\n\t\t\t\t<\/div>\n\t\t\t\t<div class=\"elementor-element elementor-element-7af9621 elementor-widget elementor-widget-panthar-section-title-widget\" data-id=\"7af9621\" data-element_type=\"widget\" data-widget_type=\"panthar-section-title-widget.default\">\n\t\t\t\t<div class=\"elementor-widget-container\">\n\t\t\t\r\n        <div class=\"theme-heading-title\" style=\"text-align:center\">\r\n                                                                                                        <div class=\"btn-wrap mt-2 pt-1\">\r\n                            <a href=\"tel:+48 530 864 935\" class=\"btn-panthar btn-border-base \"> \r\n                                <span class=\"top_left\"><\/span>\r\n                                <span class=\"top_right\"><\/span>\r\n                                <span>\r\n                                    Zadzwo\u0144                                <\/span>\r\n                                <span class=\"bottom_left\"><\/span>\r\n                                <span class=\"bottom_right\"><\/span>\r\n                            <\/a>\r\n                        <\/div>\r\n                                            <\/div>\r\n        \t\t<\/div>\n\t\t\t\t<\/div>\n\t\t\t\t\t<\/div>\n\t\t<\/div>\n\t\t\t\t\t<\/div>\n\t\t<\/section>\n\t\t\t\t<\/div>\n\t\t","protected":false},"excerpt":{"rendered":"<p>Zadzwo\u0144 Klienci indywidualni US\u0141UGI DLA KLIENT\u00d3W INDYWIDUALNYCH Nasze biuro detektywistyczne oferuje pe\u0142en zakres us\u0142ug detektywistycznych dla Klient\u00f3w indywidualnych oraz firm. Obs\u0142ugujemy wojew\u00f3dztwo \u015bl\u0105skie oraz wojew\u00f3dztwa s\u0105siednie. Nasi Klienci indywidualni zwracaj\u0105 si\u0119 do nas z r\u00f3\u017cnymi problemami. Najcz\u0119\u015bciej pomagamy im: uzyska\u0107 dowody zdrady partnera sprawdzi\u0107 styl \u017cycia i kontakty dziecka (tzw. kontrola rodzicielska) zweryfikowa\u0107 przesz\u0142o\u015b\u0107 osoby<\/p>\n","protected":false},"author":1,"featured_media":0,"parent":0,"menu_order":0,"comment_status":"closed","ping_status":"closed","template":"","meta":{"_monsterinsights_skip_tracking":false,"_monsterinsights_sitenote_active":false,"_monsterinsights_sitenote_note":"","_monsterinsights_sitenote_category":0,"footnotes":""},"aioseo_notices":[],"_links":{"self":[{"href":"https:\/\/kobietadetektyw24.com\/index.php?rest_route=\/wp\/v2\/pages\/1861"}],"collection":[{"href":"https:\/\/kobietadetektyw24.com\/index.php?rest_route=\/wp\/v2\/pages"}],"about":[{"href":"https:\/\/kobietadetektyw24.com\/index.php?rest_route=\/wp\/v2\/types\/page"}],"author":[{"embeddable":true,"href":"https:\/\/kobietadetektyw24.com\/index.php?rest_route=\/wp\/v2\/users\/1"}],"replies":[{"embeddable":true,"href":"https:\/\/kobietadetektyw24.com\/index.php?rest_route=%2Fwp%2Fv2%2Fcomments&post=1861"}],"version-history":[{"count":11,"href":"https:\/\/kobietadetektyw24.com\/index.php?rest_route=\/wp\/v2\/pages\/1861\/revisions"}],"predecessor-version":[{"id":6432,"href":"https:\/\/kobietadetektyw24.com\/index.php?rest_route=\/wp\/v2\/pages\/1861\/revisions\/6432"}],"wp:attachment":[{"href":"https:\/\/kobietadetektyw24.com\/index.php?rest_route=%2Fwp%2Fv2%2Fmedia&parent=1861"}],"curies":[{"name":"wp","href":"https:\/\/api.w.org\/{rel}","templated":true}]}}